e v*w - 655 = w. What is the remainder when w is divided by 33?
32
Let b = 270 + -242. Calculate the remainder when 50 is divided by b.
22
Let z = 744 - 638. What is the remainder when z is divided by ((-42)/(-35))/((-3)/(-45))?
16
Let i(y) = 2*y**2 - 23*y - 17. Let m be i(12). Calculate the remainder when 2394/108 + (m/(-6))/(-5) is divided by 10.
2
What is the remainder when 132 is divided by -1 + (6 - -25) + -1*2?
20
Suppose 2*c + 32 = p, -5*c = -p + 2*p + 66. Let h = c + 58. Calculate the remainder when h is divided by 23.
21
Let p(g) = g**2 - 14*g - 16. Let j = 40 + -24. What is the remainder when 31 is divided by p(j)?
15
Suppose 5*d - 73 = -3*j, 4*d + j - 82 = -25. Calculate the remainder when 231 is divided by d.
7
Suppose 4*x = 0, -3*c - 2*c = x - 150. Let t = c + -28. Calculate the remainder when 3 is divided by t.
1
Suppose -2*k = -0*k. Suppose a - 4*q - 13 = 0, 3*a + 4*q - q - 54 = k. Let d = a - 12. Calculate the remainder when d is divided by 2.
1
Let y(c) = -c**2 + 20*c - 89. What is the remainder when 119 is divided by y(10)?
9
Suppose q - 4 = 0, -2*c = q - 64 - 106. Calculate the remainder when c is divided by 39.
5
Let d = 667 + -639. What is the remainder when 74 is divided by d?
18
Suppose -4*d + 2*c = -114, -3*c - 2*c = -5*d + 140. Suppose -o + 14 = o. Let g = o - -1. Calculate the remainder when d is divided by g.
5
Suppose -5*d - o + 19 = 0, -2*o + 20 = -5*d + 9*d. Suppose 0 = -0*k + k - 4*t - 3, -3*k + 36 = -d*t. What is the remainder when 41 is divided by k?
11
Suppose -16*u - 52 = -20*u. Calculate the remainder when 87 is divided by u.
9
Let h = 60 + -42. Let w = 128 - h. Calculate the remainder when w is divided by 56.
54
Let b be 8 + 182/(-21) + 46/(-3). Calculate the remainder when 24 is divided by 1 - (-4)/(-8)*b.
6
Suppose 127 = 5*v - 21 + 48. Let z = 5 + -3. Suppose 34 = 3*k + 2*r + 5, z*k - 2*r - 6 = 0. Calculate the remainder when v is divided by k.
6
Let b(a) = 8*a + 83. Calculate the remainder when 9 is divided by b(-10).
0
Suppose -4*w - 4*m - 300 = 0, 3*w + 0*w - 4*m = -260. Let h = -29 - w. Calculate the remainder when h is divided by (-3)/((-6)/28) - 1.
12
Suppose 15 = 4*n - n. Suppose -728 = -6*a + 2*a. Calculate the remainder when a/10 - 4/20 is divided by n.
3
Suppose 5*x - 33 = -3*v, -v + 2*x - 30 = -5*v. What is the remainder when 15 is divided by v?
3
Calculate the remainder when 1099 is divided by 10/(-10) - (-101)/1.
99
Suppose -19*m + 13*m + 2382 = 0. Let h = m + -283. Suppose 4*o - 6*o - 2*x + 62 = 0, 2*x - 4 = 0. Calculate the remainder when h is divided by o.
27
What is the remainder when 339 is divided by (-12)/(-42) + (2400/(-14))/(-2)?
81
Let o = 23 + -21. Suppose -o*v - 49 = -t - 0*v, -t + v + 45 = 0. Calculate the remainder when t is divided by 14.
13
Calculate the remainder when 627 is divided by ((-774)/(-48))/((-2)/(-16)).
111
Let g = -9 + -24. Let q = g - -36. Suppose -3*v - 6 = 3*z, -4*z + 40 = -5*v + 12. What is the remainder when q is divided by z?
1
Let p(z) = 5*z**2 + z - 4. Let g(r) = -4*r**2 - r + 4. Let s(y) = -4*g(y) - 3*p(y). What is the remainder when 53 is divided by s(-4)?
5
Let y = 29 + -20. Let g = 18 - y. Calculate the remainder when 16 is divided by g.
7
Let y = 16 + -7. Suppose -3*n + 134 = t, 3*t - 6 = -0. Let a = 79 - n. Calculate the remainder when a is divided by y.
8
Let c(d) = 56*d**2 + 4*d + 2. Let b be c(-1). Let g = b - -57. Calculate the remainder when g is divided by 16.
15
Let d(u) = -19*u + 7. Suppose -3*f = -2*f + i - 2, i - 2 = f. Suppose -r - 2*r - 12 = -c, -3*c = f. What is the remainder when d(r) is divided by 21?
20
Let r be (-2)/(-4)*(0 + -12). What is the remainder when 2/(-3)*243/r is divided by 16?
11
Let o be (-11)/(-66) + 235/(-6). Let p be (o/52)/(1/(-52)). Suppose -33 = -4*i + p. What is the remainder when 50 is divided by i?
14
Let z(t) = -t + 8. Let n be z(4). Let c(k) = k + 9. What is the remainder when c(-7) is divided by n/6 + 2/6?
0
Suppose 29 + 22 = 3*n. Let u be 2 - 4/(-2) - -20. Let z = 33 - u. Calculate the remainder when n is divided by z.
8
Suppose 4*c + 72 = 352. Suppose -c = -5*u - 4*x, x + 25 = 2*u + 2*x. What is the remainder when (10*1)/(u/15) is divided by 8?
7
Let o(k) = -k + 26. Suppose 0 = -3*y - p + 126, -3*p = -0*y + 5*y - 206. Suppose 0 = 6*j - 7*j + y. Calculate the remainder when j is divided by o(15).
10
Let v = -1046 - -1119. What is the remainder when 84 is divided by v?
11
Let i = 80 + -55. What is the remainder when (6/(-4))/(12/(-784)) is divided by i?
23
Let h be (24/16)/((-6)/(-20)). Suppose 195 = 5*u - h*r, -r + 54 - 198 = -4*u. Calculate the remainder when u is divided by 9.
8
Let a be -12 + -3 + 4*6/8. What is the remainder when 97 is divided by 1/6 + (-298)/a?
22
Let n = 116 + -116. Suppose n = -16*c + 11*c + 85. What is the remainder when 116 is divided by c?
14
Let h = 72 + 298. Let k = h + -238. What is the remainder when k is divided by 27?
24
Suppose 0 = -4*k - 5*h + 81 + 58, 3*k - 107 = -h. Calculate the remainder when 143 is divided by k.
35
Suppose 0 = 3*u - 10*t - 56, -3*u - 6 = -5*t - 52. Let r(b) = -16*b - 6. Calculate the remainder when r(-4) is divided by u.
10
Let h = 0 + 0. Suppose r = 3*m - 3 - 13, 4*m - 5*r - 25 = h. Let p = -2874 - -2896. What is the remainder when p is divided by m?
2
Let j = -943 + 967. Calculate the remainder when 238 is divided by j.
22
Let a(v) = -v**2 - 8*v - 7. Let o be a(-7). Calculate the remainder when 16/(-14)*(o - 7) is divided by (-15)/(-2) - 6/4.
2
Suppose 0 = -s + 3*s - 152. Let d = 391 - 352. Calculate the remainder when s is divided by d.
37
Let l = 14 + -26. Calculate the remainder when 100 + l/(-4) + -3 is divided by 26.
22
Let v = -2 + -6. Let b be 4/v*5*-2. Suppose -b*h + h = -72. What is the remainder when 53 is divided by h?
17
Let u(a) = -2*a - 49. Let i be u(-26). Suppose -i*d - 16 = -7*d. Calculate the remainder when 15 is divided by d.
3
Let y be -3*((-10)/12 + 2/12). Suppose y*p - 61 = 105. What is the remainder when p is divided by 17?
15
Let b = 21 - 8. Suppose 4*r + b = -27. What is the remainder when 234/8 - r/(-40) is divided by 6?
5
Suppose 8*u - 368 = -40. What is the remainder when 119 is divided by u?
37
Let h(n) = 4*n + 2*n**3 + 13 - n**3 - 6 - 8*n**2 + 3*n. What is the remainder when h(7) is divided by 3?
1
Let b(a) = -a**3 + 6*a**2 - a + 3. Let k be b(6). Let g(y) = -3*y - 6. Calculate the remainder when 45 is divided by g(k).
0
Suppose 0 = 2*h - m + 3*m - 140, 5*m = 3*h - 250. What is the remainder when h is divided by 57/((-264)/(-48)*3/11)?
37
Suppose 2*p - 168 = 5*x - 494, -x = 2*p - 70. Calculate the remainder when x is divided by 14.
10
Suppose y = 4 + 9. Suppose 35*n - 20*n - 27 = 1323. What is the remainder when n is divided by y?
12
Let u(f) be the first derivative of -2*f**3 - 3*f**2/2 - f + 5. Let a be u(3). Let h = 89 + a. What is the remainder when h is divided by 14?
11
Let o(h) = 6*h - 10. Let k(s) = -s + 1. Let z(r) = 4*k(r) + o(r). Let g = 0 - -10. Calculate the remainder when 26 is divided by z(g).
12
Let r(b) = -3*b + 140. Calculate the remainder when r(13) is divided by 26.
23
Let i be 15 - 6 - (2 - -1). Suppose i*k = k + 10. Suppose 5*j - 21 = k*j. Calculate the remainder when 12 is divided by j.
5
Let t = -4 - -6. Let v = 305 - 299. What is the remainder when v is divided by t?
0
Suppose -2*z - 65 = -5*b + 3*z, 4*b - 17 = -3*z. Suppose 6*l - 2*l - 176 = 0. Let s = 65 - l. What is the remainder when s is divided by b?
5
Let o = 2205 + -2170. Suppose -20 = -5*m, -24 - 6 = -2*g - 3*m. Calculate the remainder when o is divided by g.
8
Calculate the remainder when 123 is divided by (1 + (-20)/4)*-4.
11
Let k = 28 - 25. Suppose 0 = -4*i + 3*v + 11, -34 = -5*i - k*v. Suppose -5*h - 53 = -3*x - x, -i*x + 30 = h. Calculate the remainder when 34 is divided by x.
6
Let r(p) = 2*p**2 - 4*p + 3. Let u be r(2). Suppose 0*w - 4*w - 364 = -4*d, 0 = u*w - 3. What is the remainder when d is divided by 24?
20
Let v(l) = -l**2 - 31*l - 5. Calculate the remainder when 57 is divided by v(-2).
4
Suppose -4*q = -3*h + 54 - 17, 2*h + 3*q = 53. What is the remainder when 508 is divided by h?
14
Suppose 9*w + 24 = 4*w - 3*q, -5*q + 28 = -3*w. Suppose 8 = c - 3. Calculate the remainder when -42*(-4 - (w - -3)) is divided by c.
9
